t l = 104 + -24. Let q = 120 - l. List the prime factors of q.
2, 5
Let u(y) = y**3 + 12*y**2 - y - 4. What are the prime factors of u(-11)?
2
Let x(n) = 2 + 5*n + 5 - 5 - n**2 + 8. List the prime factors of x(6).
2
Let q = -92 + 99. Let n(w) = -w**3 - w**2 + 3*w + 2. Let d be n(-2). Let g = q - d. List the prime factors of g.
7
Let l(p) = 2*p - 10. Let x be (-3)/(2 - 11/5). List the prime factors of l(x).
2, 5
Suppose -18 = -5*q + 22. Let g be 122/8 + (-2)/q. Suppose 0 = 4*l - l - g. List the prime factors of l.
5
List the prime factors of (-2)/10 + 272/10.
3
Suppose 2*o - 5*z = -18, 0*o + 3*o + 5*z = 23. Let b be 3 + 2/(-2)*o. Suppose -2*w = 2*w + 16, -b*f - w + 14 = 0. List the prime factors of f.
3
Let r(y) = 2*y**2 - 3*y - 3. Let m be r(-2). Let x = m + -3. List the prime factors of x.
2
Let y be 15*-2*2/10. Let a be (4 - 1)/((-1)/y). Suppose 4*j = 2*b - 6, 0 = b - 3*b - 2*j + a. List the prime factors of b.
7
Suppose 0 = 2*c + r - 279, -5*c - 3*r = -207 - 488. List the prime factors of c.
2, 71
List the prime factors of ((-1)/(-2))/((0 + -3)/(-666)).
3, 37
Let a(u) be the second derivative of 5*u**3/6 - u**2 - 6*u. What are the prime factors of a(9)?
43
Let i be (20/6 + -3)*6. Suppose -4*r + 94 = i*l, 0 = l - 3*r + 2 - 24. Let z = l + -20. List the prime factors of z.
17
Let v = 7 + -2. Let i(k) = k - 5. Let h be i(v). Suppose 28 = 4*t - h*t. List the prime factors of t.
7
What are the prime factors of (-18)/54 + (1 - (-122)/6)?
3, 7
Let x = 34 + 7. Let v = 1 + x. What are the prime factors of v?
2, 3, 7
Let f(u) = -60*u - 11. Let d(w) = 40*w + 7. Let i(a) = 8*d(a) + 5*f(a). What are the prime factors of i(1)?
3, 7
Suppose 0 = -5*c + 131 + 269. Suppose 3*a - c = 16. List the prime factors of a.
2
Let c = 3 + 1. Suppose -3*m + 7*m - n - 47 = 0, 2*m = c*n + 20. What are the prime factors of m?
2, 3
Let c be 250/8 - (-2)/(-8). Suppose 5*b - 4 - c = 0. List the prime factors of b.
7
Suppose 0 = f - 4*d - d - 47, -3*f - 4*d = -65. List the prime factors of f.
3
Let o(k) = 19*k**3 - 2*k + 1. Suppose a - 1 = -2*l, -4*l - 5*a - 3 = -2. What are the prime factors of o(l)?
2, 3
Suppose -2*g = 2*g - 16. Suppose 6 = g*y - y. Suppose -i - 42 = -5*r, 3*i = y*r - 3*r + 18. What are the prime factors of r?
3
Let p(i) = i**2 + 4*i + 10. List the prime factors of p(5).
5, 11
Suppose 2*z + o = -4*o + 51, 2*o + 29 = 3*z. Suppose 2*k + 1 = z. List the prime factors of k.
2, 3
Suppose -7*x = -6*x - 13. What are the prime factors of x?
13
Let q = 98 + -59. Let i = q - 28. List the prime factors of i.
11
Suppose 73 = 3*f + 22. Suppose 2*s + 2 = -y + 10, f = 3*y - s. List the prime factors of y.
2, 3
Let l(b) = -b + 5 + 2 - 12. What are the prime factors of l(-9)?
2
List the prime factors of (19 - -51) + (4 - 1)/(-1).
67
Let t(z) = -z**2. Let q(u) = -u**2 + 4*u + 5. Let b be q(5). Let r be t(b). Suppose -3*f + 3*d + 24 = r, -2*f - 2*d + 16 = 2*d. What are the prime factors of f?
2
Let z = 74 - 49. What are the prime factors of z?
5
Suppose -3*a + 123 = 3*b - 471, 4*a + 20 = 0. What are the prime factors of b?
7, 29
Let i = -11 - -16. List the prime factors of 45/3*2/i.
2, 3
Suppose -2*v - 80 = -6*v. Suppose -v = -3*u + 2*i, 3*u + 0*i = -3*i. What are the prime factors of u?
2
Suppose 2*m = -0*m + 62. What are the prime factors of m?
31
Let g be 2/(-6) - 8/(-6). Let l be (-2 - -4) + 0 + g. Suppose 2*j + 4*m + l = 27, -5*m + 40 = 5*j. List the prime factors of j.
2
Let r(w) = w**2 + 10*w + 8. What are the prime factors of r(-14)?
2
Suppose 5*f = -3*r + 121 + 221, 4*r + 2*f = 470. Suppose 4*h + r = -301. What are the prime factors of (-2)/11 + h/(-33)?
3
Let n(i) = i + 1. Let y be n(3). Suppose -6*r + y*r = 4. Let z = r - -7. List the prime factors of z.
5
Suppose -2*d + 0*c = 3*c + 8, -d - 3*c - 10 = 0. Let k = 2 + d. What are the prime factors of k?
2
Let z(b) = b + 1. Let u(l) = 3*l - 4. Let n(i) = -u(i) - 2*z(i). Let j be n(-5). Let r = j + -8. What are the prime factors of r?
19
Let h = 40 + -26. List the prime factors of h.
2, 7
Let s(k) = -3*k + 2. Let m(q) = q**3 - 6*q**2 - 3. Let j be m(6). List the prime factors of s(j).
11
Suppose 16 = 2*u - 0. Let n = 11 - u. Suppose 3*q - 61 = -0*q - 5*z, -4*z + 56 = n*q. List the prime factors of q.
2, 3
Suppose 4*z = p + 24, 0*p - 2*z + 24 = -2*p. Let s(i) = i + 2. Let u be s(-6). List the prime factors of u/p + (-23)/(-2).
2, 3
Suppose -24*m = -19*m - 30. List the prime factors of m.
2, 3
Suppose 9 - 1 = 4*m. Let d(n) = -n**3 + 13*n**2 - 11*n - 3. Let r be d(12). Let l = r - m. List the prime factors of l.
7
Suppose 5*t - 5 = -5*i, -2*i - t + 7 = i. Suppose 7 = -a - 4*h - 10, -i*a + 5*h = 17. Let w = -3 - a. List the prime factors of w.
2, 3
Let z be (-2)/(-3) + 8/6. Let f(i) = 1 + 6*i - z*i + 9*i**2 - 3*i. What are the prime factors of f(-1)?
3
Suppose 2*h - 1311 = -5*a, 5*a - h + 0*h = 1317. Suppose -a = -4*f - 107. List the prime factors of f.
3, 13
Let k = 3 + 8. Suppose -2*s - 29 = -4*f - k, -4*s - 21 = -5*f. Let o(t) = -t**2 + 7*t - 2. What are the prime factors of o(f)?
2
Suppose -3*h + 40 + 15 = -4*m, 4*m - 45 = -h. List the prime factors of h.
5
Let r be 30/(-20)*(-28)/3. List the prime factors of ((-16)/28)/((-4)/r).
2
Suppose -g = -5*k - 28, k = -3*g + 2*g + 4. Let i = -1 - -1. Suppose o - g = -i. List the prime factors of o.
2
Suppose 14 = -7*m - 14. Let r(n) = 3*n**2 - n**3 + 1 - 7*n**2 - n + 0. List the prime factors of r(m).
5
Suppose 4 = -g - 3*g. Let k be -3*1*(-3)/g. Let v = -1 - k. List the prime factors of v.
2
Suppose 39 = -2*f + n + 125, 2*f + 2*n = 80. List the prime factors of (-150)/(-14) + 12/f.
11
Suppose -2*g + 5*n = 12, 0*g - 4*g + 4*n = 0. Let i = -4 + g. Let c(y) = -y**3 + 2. What are the prime factors of c(i)?
2
Let x = 69 - 32. What are the prime factors of x?
37
Let y = 307 + -118. What are the prime factors of y?
3, 7
Suppose o = -o - 2*q + 14, 15 = 5*q. Let r(s) = 15*s + 4. Let x be r(4). Suppose -i + 4*i = -5*a + x, -a - 1 = -o*i. List the prime factors of a.
11
Let o(l) = -l**2 + l. Let f be o(0). Let n be 2 - (-2 + -19 - f). Suppose -5*c + 32 = -n. List the prime factors of c.
11
Let k(f) = -f + 2. Let c = -2 + 0. What are the prime factors of k(c)?
2
Suppose 0*y - 39 = -3*y - 5*p, -4*y - p + 35 = 0. List the prime factors of y.
2
Suppose 30 + 0 = -2*p. What are the prime factors of (126/p)/((-2)/10)?
2, 3, 7
Let x = 0 + -2. Let i = -45 + 36. Let v = x - i. What are the prime factors of v?
7
Suppose -2*a + 6*a + 38 = l, -2*l - 5*a = -89. List the prime factors of l.
2, 3, 7
Let o(z) = 2*z**2 + z - 1. What are the prime factors of o(5)?
2, 3
Let b be 1/2 + 84/(-8). Let h(z) = z + 7. Let l be h(-5). What are the prime factors of b/(-4)*(0 + l)?
5
Let i(p) = -4 - 13*p + 10*p + 3 - 6. List the prime factors of i(-12).
29
Let j(v) = 3*v**2 - 4*v - 1. What are the prime factors of j(6)?
83
Suppose -166 = -4*v + f, 3*f + 0 = -v + 48. Let d = v + -22. List the prime factors of d.
2, 5
Suppose 0 = 3*b - 6 - 0. Suppose -m = -0*m. Let h = m + b. What are the prime factors of h?
2
Let f be -3*17/(-3) - 1. Let h be ((-18)/8)/((-2)/f). Suppose -r + h = r. List the prime factors of r.
3
Let x(o) = 2*o**2 - 2*o - 4. Suppose 4*m - 21 = -2*u - u, 5*m + u - 18 = 0. Let s be x(m). Suppose -s = -2*b - 2*b. List the prime factors of b.
2
Let d be 10*(-2 - (-68)/10). Let x = -18 + d. Let a = x - 14. List the prime factors of a.
2
Suppose -n + 39 = 5*a, -311 = -5*n - a - 20. List the prime factors of n.
59
Suppose f + 1 = m + 8, -4*f - 3*m + 7 = 0. Suppose -3*w = 2*x - 51, -5*x + 0 = w - f. What are the prime factors of w?
19
Let f = 1 - 1. Suppose f*u = -4*u + 28. Suppose 2*g - 33 = -u. List the prime factors of g.
13
Let f(w) = -3*w - 5. Let l = 9 + -4. Let k = -3 - l. What are the prime factors of f(k)?
19
Suppose -4*g + 2*g = 140. Let v = -36 - g. Suppose -4*y + v = -k, 2*y - k - 8 = 4*k. List the prime factors of y.
3
What are the prime factors of 2 + -1 - 21/(-7)?
2
Suppose -3*d = -4*u + 26, 8 = -7*d + 3*d. List the prime factors of -2*(65/(-2))/u.
13
What are the prime factors of 30/(-8)*(-64)/12?
2, 5
Let t be (-68)/(-18) + (-6)/(-27). Suppose 0 = 8*c - t*c - 16. Suppose -7 = c*g - 5*g. What are the prime factors of g?
7
What are the prime factors of (52/8 + -6)/(2/520)?
2, 5, 13
Suppose 